e factors of 1998/l - 4/(-14).
2
Let b = 11 + -6. Suppose -25 = -b*g - 0*g. Suppose g*f + 15 = 0, 4*h - 18 - 81 = 5*f. What are the prime factors of h?
3, 7
Let t(m) = -144*m + 673. What are the prime factors of t(-7)?
41
Let o be (32/(-5))/(4/(-40)). Suppose -m = 21 + 13. Let n = m + o. List the prime factors of n.
2, 3, 5
Suppose -h = -5*x + 4652, -6*x + x + 3*h + 4646 = 0. List the prime factors of x.
7, 19
Suppose 0 = 3*o - 0*z + z + 165, -o - 55 = -z. What are the prime factors of (-66)/o*(-10)/3 - -182?
2, 89
Let n = 18 + -13. Suppose -w = n*w. Suppose w = 2*x - 4*x + 34. List the prime factors of x.
17
Suppose 0 = 8*w - 1345 - 1063. List the prime factors of w.
7, 43
Suppose 0 = 2*a + 3*t - 6501, -4*a + 8292 + 4709 = 5*t. List the prime factors of a.
3, 19
Let l be 0/2*2/(-4). Suppose l = 2*f - 37 - 95. What are the prime factors of f?
2, 3, 11
Suppose -4*l + 7 + 13 = 0. Suppose 0 = 4*y + 2*h - 24, -y = 2*h + 2*h - 6. Suppose -y = -j + l. What are the prime factors of j?
11
Let f(d) = 4*d**2 + d + 1. Let r be f(-1). What are the prime factors of (425 + 5)*2/r?
5, 43
Suppose 128 = 9*z - 142. List the prime factors of z/(-120) + 1217/4.
2, 19
What are the prime factors of 2/1 + (-17)/((-153)/2178)?
2, 61
Let w be (3*-17)/(5/(-40)). Suppose 4*i - i = -g + 204, i = -2*g + w. Suppose 5*j - g = 2*j. What are the prime factors of j?
2, 17
Let q = -1152 - -3372. List the prime factors of q/(-40)*(-4)/6.
37
Suppose 5*a - 8*a = -6. Let d be ((-3)/a)/(8/144). Let u = 91 + d. List the prime factors of u.
2
Let j(d) = d - 7. Let a be j(0). Let w = -14 - a. Let c = w + 21. What are the prime factors of c?
2, 7
List the prime factors of 501/(-4)*6*(-68)/153.
2, 167
Let n = 1015 + -705. What are the prime factors of n?
2, 5, 31
Suppose 0*j = -j - 53. Let h = j + 90. List the prime factors of h.
37
What are the prime factors of 1/(26/7024) - 6/39?
2, 3, 5
Let s(n) = -15*n + 12. Let u = 15 + -18. List the prime factors of s(u).
3, 19
Suppose -5*h - 5*d = -9565, 33*d + 1888 = h + 29*d. What are the prime factors of h?
2, 3, 53
Let b be 4 - 4/((-16)/(-4)). Suppose -9 = -b*r - 0. What are the prime factors of -2 - ((6 - r) + -7)?
2
Let c(z) = -15*z - 4. Suppose 0 = 4*t - 3*s + 11, -3*t + 5*s = -0*t. What are the prime factors of c(t)?
71
Let t(g) = -170*g - 52. List the prime factors of t(-5).
2, 3, 7, 19
Let s = 15 + 18. Let u be (s/((-12)/4))/1. List the prime factors of 1 + u/((-33)/90).
31
Let r(z) = -104*z - 159. List the prime factors of r(-14).
1297
Let u(y) = -3*y + 1. Let v be u(-1). Suppose -296 = -v*i + 952. What are the prime factors of i?
2, 3, 13
Let q = 59 - 56. Suppose 0 = 3*w - 3*r - 87, q*r = -4*w + r + 92. List the prime factors of w.
5
Let f = -509 + 1539. What are the prime factors of f?
2, 5, 103
Let j = 521 + 65. List the prime factors of j.
2, 293
Let h be ((-84)/5 + 0)/((-3)/10). What are the prime factors of -1 + h - (-2 + (-5 - -6))?
2, 7
Suppose -1250 = -4*n - n. Let q = n + -139. Let a = q - 73. List the prime factors of a.
2, 19
What are the prime factors of 43*(-172)/(-22) - (-2)/(-11)?
2, 3, 7
Suppose -5*j + 4 = -2*g + g, 5*j = 5*g - 40. Suppose -2*d + 16 + g = 5*p, -2*p = 3*d - 35. Let w = d + -9. What are the prime factors of w?
2
Suppose -46 = -4*f - 34. Suppose -3*w + 38 = -c, f*c = 2*w - 6*w + 68. List the prime factors of w.
2, 7
Let x = 6 - 1. Let j(u) = u**3 - 2*u**2 - 11*u + 2. Let h be j(x). What are the prime factors of ((-275)/h)/((-2)/4)?
5
Suppose 0 = 5*x - 18 - 2. Suppose -14 + 18 = x*j. Suppose 28 = y + j. List the prime factors of y.
3
Suppose 5*u - 4*o - 4788 = 0, -3*u + 36*o - 40*o = -2892. List the prime factors of u.
2, 3, 5
Suppose 45*r = 18287 + 48358. What are the prime factors of r?
1481
What are the prime factors of (72 - 179)*(-6)/2?
3, 107
Let v(q) = q**3 - 9*q**2 + 3*q - 11. Let h be v(9). Let d be (12/h)/((-2)/(-8)). Suppose -d*p + 8 = -31. List the prime factors of p.
13
Let o(y) = 29*y + 49. List the prime factors of o(5).
2, 97
What are the prime factors of (11631 - -6)/9 + -6?
3, 11, 13
Let h = 424 - 240. What are the prime factors of h?
2, 23
Let w(m) be the third derivative of m**6/120 + m**5/12 - 19*m**4/24 - 7*m**3/3 - 33*m**2. List the prime factors of w(-7).
3, 7
Let m(n) = 4*n + 65. Suppose 11*q = 6*q. List the prime factors of m(q).
5, 13
Let p = -397 + 997. What are the prime factors of p?
2, 3, 5
Suppose 2*m + 5*k + 10 = m, 3*m + 4*k - 3 = 0. Suppose -m*y = 77 - 267. List the prime factors of y.
2, 19
Suppose u - 8*u = -994. List the prime factors of u.
2, 71
Suppose 63 = -4*k + 5*p, 9*k + p = 4*k - 86. Let w = k - -69. List the prime factors of w.
2, 13
Suppose 8*r - i = 3*r + 24344, 0 = 4*r + 3*i - 19460. What are the prime factors of r?
2, 1217
Suppose v + 5*a - 622 = 0, -20*a + 19*a + 1289 = 2*v. List the prime factors of v.
647
Suppose -2*n + 18 = -3*w - 128, 150 = 2*n - w. Suppose 4*g + n = 8*g. Suppose -r + 27 = h, -r - r + 5*h + g = 0. What are the prime factors of r?
2, 11
Suppose 4*u - 36 = 6*u. Let t = 21 + u. Suppose -t*s = -m + 2*s + 3, 96 = 5*m + 2*s. What are the prime factors of m?
2, 3
Suppose -18389 = -4*o - 33*o. What are the prime factors of o?
7, 71
Suppose 17*x = 12*x + 445. List the prime factors of x.
89
Suppose 0 = -u + 3*u. Suppose -2*b = -u*b - 26. Suppose -2*q + b = -q. What are the prime factors of q?
13
Let l = 85 - -160. What are the prime factors of l?
5, 7
Suppose j - 11 = 2*j. Let b = j - -16. Suppose -b*y + 106 = 3*n - y, 2*n = 2*y + 52. What are the prime factors of n?
2, 3, 5
Let k be 6 - 2 - 1*(1 + 0). Suppose i + 12 = -k*f + 121, 2*f - 2*i = 62. List the prime factors of f.
5, 7
Let p(h) = 31*h**3 + h**2 - 2*h + 7. Let q be (-1)/(-5) + 87/15 + -4. What are the prime factors of p(q)?
3, 5, 17
Let u = 51 - 127. Suppose 0 = 5*l + 166 + 599. Let y = u - l. List the prime factors of y.
7, 11
Let x(f) = -3*f**2 - 14*f - 12. Let i be x(-12). Let u = i + 446. Suppose -l + 6 = -5*r, -u = 3*l - 8*l - 3*r. What are the prime factors of l?
31
Let u be (-3)/((15/80)/(-1)). Let k be 1/(((-2)/18)/(-1)). Let i = u - k. List the prime factors of i.
7
Suppose -4258 = -22*c + 1902. List the prime factors of c.
2, 5, 7
Let z = -189 - -536. List the prime factors of z.
347
Suppose -t + 4*w + 23 = 0, 5*w + 28 = -t + 6. Let o be -7 - (3*-2 + t). List the prime factors of ((-8)/(-10))/(o/(-90)).
2, 3
Let m(b) = 3*b + 148. List the prime factors of m(-15).
103
Suppose -215 = 10*o + 385. List the prime factors of (-3940)/o - 2/(-6).
2, 3, 11
Let p = 191 + -76. Suppose -l + p = -2*n + 313, n - 2*l - 105 = 0. What are the prime factors of n?
97
Let s(l) = 5*l**2 + 7*l - 13. Let q be s(-7). Let d = q - 105. List the prime factors of d.
2, 3, 13
Let w be 3/(-4) - 4915/(-20). Suppose -3*o + 181 = -0*u - u, -5*u = -4*o + w. What are the prime factors of o?
2, 3, 5
Let o = 358 - -135. What are the prime factors of o?
17, 29
Let p = 17 + -12. Suppose 0 = 2*b + c - 88, -2*b + 10 + 102 = -p*c. What are the prime factors of b?
2, 23
Suppose -3*j = -n + 1423, -2*j + 7 = -1. List the prime factors of n.
5, 7, 41
Let k(y) = -5*y + 38. List the prime factors of k(-4).
2, 29
Let q(c) = 5 - 29*c - 43*c + 6*c. What are the prime factors of q(-2)?
137
Let m = -2 - -5. Suppose m*h = 2*h + 62. What are the prime factors of h?
2, 31
Suppose -9*t + 7*t + 10 = 0. Suppose -2*a = t*s - 416, -a + 603 = 2*a - 3*s. List the prime factors of a.
7, 29
Suppose v - 2*g + 3 = 2*g, -3*v + 3*g = 0. Let x(s) = -s**2 - 4*s - s**2 + s**2 + 5 - v. List the prime factors of x(-4).
2
Suppose 2*x - x = -3*t + 52, -2*t - 4*x = -38. Let v = 41 + t. What are the prime factors of v?
2, 29
Let w be ((-5)/10)/((-3)/(-6)). Let n(o) = -73*o - 1. What are the prime factors of n(w)?
2, 3
Let y = -55 + 49. List the prime factors of -92*-2*y/(-16).
3, 23
Suppose 32*l + 2381 = 31981. List the prime factors of l.
5, 37
Suppose -6 + 81 = -3*w. Suppose 0 = -2*q + 14 + 72. Let y = w + q. List the prime factors of y.
2, 3
Suppose -20*x = -16*x + c - 2099, 3*x + 3*c = 1581. List the prime factors of x.
2, 131
Suppose -192 = 8*o - 5*o. Let p = -32 - o. Let j = p + 5. What are the prime factors of j?
37
Let f = -16 - 4. Let k = f + 21. List the prime factors of k + 20 - (-4 + 7).
2, 3
List the prime factors of (-44)/88 - ((-148